 to base 11.
-1069341
What is 656730 (base 10) in base 11?
409458
Convert -122111120120222 (base 3) to base 16.
-8deeee
Convert 127585 (base 11) to base 16.
30e9c
What is -296876 (base 10) in base 15?
-5ce6b
-1b937 (base 16) to base 5
-12103301
Convert -32021441 (base 5) to base 14.
-6d4c1
What is 375a59 (base 13) in base 3?
2111101200200
-7b8a (base 14) to base 5
-1141421
What is 15045504 (base 7) in base 5?
331021411
What is -102230111 (base 4) in base 5?
-4422230
-212201012222 (base 3) to base 14
-c2133
110111110210 (base 3) to base 16
3c102
What is -1174456 (base 15) in base 11?
-7080669
Convert -790881 (base 10) to base 14.
-168317
Convert 1002120220110 (base 3) to base 5.
122114102
Convert -110111000010100111 (base 2) to base 13.
-7b801
-66b102 (base 14) to base 12
-12024ba
What is 125533402 (base 6) in base 2?
1001100110010101101010
Convert -21161766 (base 8) to base 9.
-8441131
Convert -10001010001001011 (base 2) to base 8.
-212113
Convert -110011000010101 (base 2) to base 15.
-7b23
Convert 28a106 (base 11) to base 4.
1232200323
What is 4c014 (base 16) in base 6?
10401140
What is 1333232 (base 5) in base 10?
27317
What is -6162255 (base 9) in base 6?
-154253335
79d142 (base 14) to base 6
224512250
Convert 410350203 (base 6) to base 10.
7028283
-2120020110202 (base 3) to base 15
-1bdc15
-18a2162 (base 12) to base 15
-6c714e
Convert 202323303 (base 5) to base 13.
22ab32
What is -872738 (base 11) in base 4?
-11110130031
-2a075 (base 14) to base 4
-121132313
What is -45451 (base 11) in base 10?
-65759
Convert -111001011100010111011 (base 2) to base 16.
-1cb8bb
Convert -11031002320 (base 4) to base 16.
-14d0b8
11000101100111110 (base 2) to base 5
11214212
What is -5d33d (base 16) in base 6?
-12103221
Convert -3530330 (base 6) to base 13.
-65304
What is -66542 (base 10) in base 11?
-45aa3
What is 104c9 (base 13) in base 11?
200aa
Convert -10101010111001010110 (base 2) to base 3.
-1022120012120
Convert 13121311130 (base 4) to base 7.
22332251
188225 (base 16) to base 2
110001000001000100101
What is 12431104312 (base 5) in base 4?
323011101102
23987 (base 12) to base 16
bbb7
Convert -6653044 (base 7) to base 12.
-33650a
What is -28774a (base 12) in base 2?
-10100101001101101010
6a099 (base 16) to base 2
1101010000010011001
What is -5d63c7 (base 15) in base 3?
-22102102001221
What is -10013244 (base 5) in base 4?
-103111133
Convert 27bcb2 (base 15) to base 14.
37b2b3
What is 1216a (base 14) in base 7?
242563
4deefc (base 16) to base 7
61261350
1510286 (base 9) to base 2
11001011011111001111
223240004 (base 7) to base 5
11433312412
Convert -11704765 (base 9) to base 12.
-1b0487b
What is -13a05 (base 11) in base 15?
-5d34
What is 1202010201022 (base 3) in base 13?
2663cc
1850706 (base 10) to base 11
1054510
What is -258500 (base 10) in base 6?
-5312432
-115412244 (base 6) to base 12
-8b4084
What is -100121102121 (base 3) in base 11?
-11a101
-13220313003 (base 4) to base 7
-23006550
What is -395237 (base 14) in base 6?
-110144001
What is -401152405 (base 6) in base 13?
-1535012
What is 2020210220110 (base 3) in base 10?
1196949
-1215666 (base 9) to base 5
-132112131
Convert 51302551 (base 6) to base 13.
3c6307
What is -21201110011 (base 3) in base 6?
-3131304
Convert 104030544 (base 7) to base 6.
341450113
What is 100534004 (base 6) in base 5?
420121002
What is -3114014211 (base 5) in base 3?
-110000201220120
Convert 34250504 (base 6) to base 15.
15aa9d
Convert 49b62b (base 15) to base 11.
1aa2413
What is -130bd (base 15) in base 16?
-ee00
Convert -180967 (base 12) to base 15.
-8344a
-10202110002 (base 3) to base 16
-120e3
Convert 207184 (base 10) to base 14.
5570c
What is -25b5c6 (base 13) in base 15?
-12ebe5
What is -17858 (base 16) in base 5?
-11040334
What is -30024334 (base 5) in base 7?
-2002454
-1221102012210 (base 3) to base 8
-3737013
Convert 10021101022122 (base 3) to base 13.
48ba86
Convert -3001253 (base 6) to base 12.
-69229
What is -102120222 (base 4) in base 11?
-51640
200112111200 (base 3) to base 12
157199
What is -1614a35 (base 11) in base 7?
-32310652
What is 11110020032 (base 4) in base 8?
5241016
What is 133040042 (base 5) in base 4?
2210221131
28a8a (base 11) to base 2
1010000100010110
5254151 (base 6) to base 13
8c830
What is 5aa5 (base 16) in base 4?
11222211
Convert -6b87 (base 14) to base 9.
-27631
Convert 7525624 (base 10) to base 15.
9d9c34
Convert 1157032 (base 8) to base 12.
134736
Convert -17aa2a (base 12) to base 8.
-1446102
-12667 (base 15) to base 14
-17618
Convert -1a8d (base 15) to base 10.
-5758
What is -2637247 (base 12) in base 13?
-173ca0a
113143 (base 15) to base 14
174dad
-60403 (base 7) to base 13
-6856
Convert 256944 (base 11) to base 6.
12400210
-11275d (base 16) to base 2
-100010010011101011101
What is 2240551 (base 7) in base 13?
99b8c
What is -23030202 (base 4) in base 2?
-1011001100100010
-1380543 (base 10) to base 15
-1c40b3
What is 11326 (base 8) in base 4?
1023112
3442486 (base 10) to base 8
15103466
238a3 (base 13) to base 2
1111111010101110
341d1 (base 16) to base 15
433a7
Convert -1b9c7 (base 13) to base 16.
-d48c
-28887 (base 12) to base 6
-1113451
What is -3144352 (base 6) in base 12?
-750b8
Convert -64ade (base 16) to base 3.
-202221200102
What is -25566451 (base 9) in base 5?
-11203444443
What is -35ab98 (base 14) in base 3?
-10110020112102
18115623 (base 9) to base 8
42565603
What is 1946265 (base 11) in base 5?
1320203013
10020202022110 (base 3) to base 4
12211223331
What is 110100001011000011 (base 2) in base 13?
76365
Convert -116478 (base 10) to base 5.
-12211403
5dd457 (base 14) to base 2
1100010011010111100101
What is 1000010000101100000 (base 2) in base 13?
96292
-100202121211112 (base 3) to base 7
-62050664
What is 18241b (base 12) in base 2?
1100110001111010111
What is -adc177 (base 14) in base 7?
-101145610
Convert 138385 (base 10) to base 2.
100001110010010001
Convert 331aa3 (base 12) to base 16.
c63db
Convert -311420413 (base 5) to base 3.
-2102000010021
What is 3584039 (base 10) in base 2?
1101101011000000100111
11740810 (base 9) to base 11
3280614
Convert -10001001101 (base 3) to base 10.
-59815
1561179 (base 12) to base 15
5b0c50
1992654 (base 12) to base 14
a0dd16
Convert -14126162 (base 7) to base 10.
-1317899
What is -b1c7d9 (base 15) in base 6?
-501005553
What is 4054022 (base 8) in base 14?
1dc4ca
-173ba05 (base 12) to base 6
-251034405
What is 11000110000000011001 (base 2) in base 10?
811033
-2454651 (base 8) to base 2
-10100101100110101001
What is -233022 (base 9) in base 5?
-13434423
What is -10101101110100010001 (base 2) in base 3?
-1100011121122
15788436 (base 9) to base 10
7912194
Convert -2a5da8 (base 15) to base 3.
-10211220011012
Convert 230216 (base 9) to base 4.
201223212
7a1a0d (base 14) to base 10
4153645
What is -9611a (base 12) in base 5?
-22302113
Convert -530a4b (base 15) to base 4.
-33010213133
2809026 (base 12) to base 6
443000050
Convert 6434665 (base 8) to base 11.
a74323
-344c9a (base 13) to base 2
-100101110100000011010
131302020 (base 5) to base 15
cca0a
Convert -23100230 (base 5) to base 9.
-344008
-32103103003 (base 4) to base 3
-21001110202001
Convert 10000010111010101110 (base 2) to base 6.
15254330
What is -18482 (base 12) in base 7?
-204503
What is -1127473 (base 9) in base 15?
-c0720
Convert 215253122 (base 6) to base 5.
1444121203
Convert 57100 (base 9) to base 2.
1001010001100101
710800 (base 10) to base 7
6020206
What is -3194a (base 13) in base 9?
-145643
ba1a3 (base 15) to base 10
591003
What is 1cdb9 (base 16) in base 2?
11100110110111001
Convert 11596138 (base 10) to base 5.
10432034023
1b637d (base 14) to base 11
608504
What is -3142021 (base 5) in base 11?
-36705
What is 11322052 (base 6) in base 9?
587165
-101323133101 (base 4) to base 2
-10001111011011111010001
What is -3a67c (base 13) in base 5?
-11440040
Convert -11517 (base 13) to base 14.
-b74b
What is -11fb2 (base 16) in base 12?
-36756
-2cd0d (base 15) to base 6
-3033504
Convert 16a48b7 (base 12) to base 2.
10001111010001000001011
What is -3b1cd7 (base 14) in base 11?
-1174758
-42046 (base 12) to base 10
-86454
-6352143 (base 9) to base 3
-20101202011110
Convert -1373ba8 (base 14) to base 3.
-122201201011212
-13c4b (base 13) to base 10
-37243
-11010101110010101 (base